r of 495 and g?
45
Let m = 6 + 0. Let j(q) = q**3 - 26*q**2 - 56*q + 2. Let v be j(28). Calculate the highest common divisor of v and m.
2
Let o(w) = -26*w + 6. Let v be o(-3). Suppose -v = -5*m + 3*b, -5*m + 5*b = -11 - 69. What is the highest common divisor of m and 144?
18
Let w(q) = q**3 - 7*q**2 - 8*q + 2. Let y(n) = -n**3 - 8*n**2 - 10*n + 20. Let c be y(-6). Let m be w(c). What is the greatest common factor of m and 8?
2
Let u = 12 + -11. Let j = 12 - u. Let g(r) = r + 77. Let h be g(0). What is the highest common factor of j and h?
11
Let v = -27 - -30. Let c be 363/22 + v/(-2). Calculate the highest common factor of 15 and c.
15
Suppose 0 = -0*a + 2*a - s + 293, -a - 163 = 5*s. Let z be (-4)/10 + a/5. Let q = 44 + z. What is the highest common divisor of 56 and q?
14
Let q = 11 - 2. Suppose -a + 2 = -q. Suppose 12*p - 3*z - 348 = 9*p, -p + 3*z = -106. What is the highest common divisor of a and p?
11
Let p(z) = -z**2 + 11*z - 10. Suppose 20 = -4*n - 20. Let y = 17 + n. Let u be p(y). Calculate the highest common factor of u and 126.
18
Suppose 19*i - 14*i = 10. Suppose -8 = -i*c - 0*c. What is the highest common divisor of 4 and c?
4
Suppose 4*c - 3*p - 2177 - 1057 = 0, -10 = -5*p. What is the greatest common divisor of 15 and c?
15
Suppose 2*a + 59 = 319. Suppose -2*f - 5*p + 50 = 0, 5*p + a = f + 3*f. Suppose -2*d + f = -34. What is the highest common divisor of 16 and d?
16
Let y(f) = f**2 - 7*f + 8. Let x(l) = l - 1. Let s(k) = 6*x(k) + y(k). Let t be s(0). Suppose -26 = -t*b + 54. Calculate the highest common divisor of 5 and b.
5
Suppose -4*z + 136 = -4. Let o = z - 34. Let d be (o - 17)/(-4)*1. Calculate the highest common factor of d and 4.
4
Let q be 879/4 - 1/(-4). Suppose -506 + 566 = 3*h. Calculate the highest common factor of h and q.
20
Let l(p) = p**3 - 4*p**2 + 3*p + 4. Let s be (3 + 1)*2/4. Suppose s*o + 5 = 3*i, -2 - 6 = -4*o. Let g be l(i). Calculate the greatest common factor of g and 4.
4
Suppose 95 + 50 = y - 2*f, 4*y - f = 587. Let s = 285 - y. Suppose -2*a + 3*u + s = a, 4*a - 5*u = 185. Calculate the highest common divisor of a and 5.
5
Suppose -4 = -5*s + 3*s. Suppose 10 = s*j - 10. Suppose -5*o - 2*t + 490 - 146 = 0, 5*t + 155 = 2*o. Calculate the greatest common divisor of o and j.
10
Suppose -7*v - 216 = -524. Calculate the greatest common divisor of 11 and v.
11
Let x be (26/10)/((-13)/(-65)). What is the highest common factor of x and 169?
13
Let g be ((-1232)/24)/((-2)/3). Calculate the highest common factor of 22 and g.
11
Let r = 20 - -20. Suppose 4*u - r + 4 = 0. Calculate the greatest common divisor of u and 36.
9
Let l = -19 + 21. Suppose -l*o + 6 = 0, -5*g = -3*o - 15 - 151. Calculate the greatest common divisor of 14 and g.
7
Suppose -72 = o - 3*o - 4*m, 5*o = 5*m + 180. Calculate the greatest common factor of 108 and o.
36
Let r = 472 - 424. What is the highest common factor of r and 144?
48
Suppose x = 4, 4*y + 4*x - 55 = 49. Calculate the greatest common divisor of y and 55.
11
Let t(z) = 791*z + 10. Let m be t(1). What is the highest common factor of 18 and m?
9
Let q(p) = p**3 - 14*p**2 + 2*p - 28. Let i be q(14). Suppose 2*y = -0*y, i = -3*o - 4*y + 90. Calculate the highest common factor of o and 40.
10
Suppose 4*g = x + 2*x - 569, 3*x + 2*g - 593 = 0. Let p = 299 - x. What is the greatest common divisor of 8 and p?
8
Let k be -18*15/(-10)*11. Suppose 0 = 2*c - c - k. What is the greatest common divisor of 33 and c?
33
Let u = 115 + -53. Let a = 106 - u. What is the highest common divisor of 11 and a?
11
Suppose -3*u + 2*a = -0*a - 16, -2*a = -u + 4. Suppose 0 = -u*h + 77 + 91. Calculate the highest common divisor of h and 28.
28
Suppose 10 = 4*z + z. Suppose -z*y + 152 = 2*y. Suppose 2*a - 4 - y = 0. Calculate the greatest common factor of a and 21.
21
Let u(r) = r**3 + 9*r**2. Let x be u(-9). Suppose x = 3*n - 6*n + 231. Calculate the greatest common factor of 11 and n.
11
Let v = -92 - -136. Let w = -29 - -139. What is the highest common factor of v and w?
22
Let b = -31 - -35. Suppose 0 = -b*x + 4*o + 28, 3*x + 4*o + 2 = -5. Let h(r) = -r**2 + 4*r + 3. Let f be h(4). What is the greatest common divisor of f and x?
3
Suppose 0 = 3*m + 115 - 715. Let b(w) = -510*w - 485. Let z be b(-1). What is the highest common factor of m and z?
25
Suppose 8*m = 26*m - 3150. Let v be 14/(-4)*-5*140/m. Calculate the greatest common factor of 112 and v.
14
Let s(x) be the first derivative of -x**3/3 + 8*x**2 + 14*x - 32. Let o be s(14). What is the highest common divisor of 28 and o?
14
Let x = -243 + 342. Let v(c) = -23*c - 127. Let m be v(-6). What is the greatest common factor of m and x?
11
Let v = 6 - -18. Suppose -3*r + 21 = 2*z, 345*z = 343*z + 4*r. Calculate the highest common divisor of v and z.
6
Suppose 26*c - 210 = -79*c. Let o = 65 + -39. Calculate the highest common divisor of o and c.
2
Suppose 2 = -3*u + 92. Suppose -4*n + u = -454. Calculate the highest common factor of n and 11.
11
Let u = 35 + -59. Let n be (126/u)/((-6)/64). Calculate the highest common divisor of 28 and n.
28
Let c = 236 + -226. Let o(u) = -6*u - 1. Let b be o(-1). Suppose -2*m - 75 = -3*m + b*i, 4*m - 282 = 2*i. What is the greatest common factor of c and m?
10
Suppose 0 = 3*g - v - 24, 21 = -0*g + 3*g - 2*v. Let m(b) = -b**2 - 7*b - 12. Let w be m(-5). Let a = g + w. What is the highest common divisor of 28 and a?
7
Let b(x) be the first derivative of x**2/2 - 2*x - 2. Suppose 3*f - 9 = 4*y - 5*y, f - y - 3 = 0. Let o be b(f). Calculate the highest common factor of 1 and o.
1
Let d(v) = 2*v**3 + 8*v**2 + 19*v + 44. Let s be d(-3). Let u = 120 - 80. Calculate the greatest common factor of s and u.
5
Let v(x) = -9*x**2 - x + 2. Let t be v(1). Let k be (t*2)/((-9)/18). What is the greatest common divisor of 256 and k?
32
Suppose 150 = 5*y + 2*u + 3*u, 3*u - 63 = -2*y. Let z be 8/(-20) - (-274)/10. What is the highest common divisor of y and z?
27
Let j(b) = -b + 8. Let g be j(5). Suppose g*z - z - 8 = 0. Let v = -3 - -23. Calculate the greatest common factor of v and z.
4
Let c be (20/5)/4 - 54. Let s = 79 + c. Calculate the greatest common divisor of s and 13.
13
Let n = 1915 - 1726. What is the greatest common factor of n and 819?
63
Let m(r) = r**2 - 25*r + 28. Let q be m(20). Let o = q - -79. What is the greatest common divisor of o and 77?
7
Let l(i) = 2*i + 5. Let d be l(-4). Let r = -16 - d. Let k be (-4)/(-2) - (r - 6). What is the highest common divisor of k and 14?
7
Let q be ((-8)/(-12))/((-4)/402). Let g = q + 75. What is the greatest common divisor of g and 6?
2
Let g(j) = -j**3 - 5*j**2 - 6*j - 6. Let n be g(-4). Suppose -n*l = -63 + 13. Calculate the highest common factor of l and 175.
25
Let v(i) = i**3 + 2*i**2 + 3*i - 3. Let f be v(-3). Let d = f - -41. Calculate the highest common factor of d and 40.
20
Let t(q) = 13*q - 6*q + 18*q - 16. Let u be t(4). What is the greatest common factor of u and 48?
12
Let m be 1/(((1/5)/1)/((-644)/(-115))). Let u be (140/(-6))/(2/(-6)). Calculate the greatest common factor of u and m.
14
Let h(x) = 16*x + 456. Let w be h(-24). What is the highest common factor of w and 1032?
24
Let t = -7 + 40. Let h = -8 + -4. Let b be (-29)/(-9) - h/(-54). Calculate the highest common factor of t and b.
3
Let a = -184 - -208. What is the highest common divisor of 28 and a?
4
Suppose -4*b - 4*q + 121 - 21 = 0, -3*b + 110 = -4*q. What is the highest common factor of b and 330?
30
Suppose 5*v + 4*n = 54 + 36, -5*v + 75 = n. Calculate the highest common divisor of 49 and v.
7
Let w(p) = -p**3 - 19*p**2 + 21*p + 13. Let y be w(-20). Let g be ((-390)/(-42) + 2/y)*5. Calculate the highest common divisor of g and 9.
9
Suppose -2*s + 123 = c - 135, -s - 753 = -3*c. Calculate the highest common factor of c and 28.
28
Suppose 0*d - 4 = -d. Suppose 2*p + d*w + 6 = 0, 6*p + 7 = 2*p - 3*w. Let b = 1 - p. What is the greatest common factor of 8 and b?
2
Suppose -x + 2*u + 8 = 0, 2*u + 14 = 2*x - u. Suppose 3*l - 15 = -x*r - 2*l, 2*l = -2*r + 10. Calculate the highest common divisor of 110 and r.
10
Let v(z) = -66*z - 7. Let f be v(3). Let l = f + 355. Calculate the greatest common divisor of 30 and l.
30
Let n = -6 - 3. Let u = n + 12. Suppose 0 = -0*y - u*y + 576. What is the greatest co